 -c*k + 1136 = -11*k + j. What is the thousands digit of k?
1
Suppose 0 = -s - 7*z + 8*z + 37548, -3*s - 3*z + 112686 = 0. What is the tens digit of s?
5
Suppose o + 2*n - 1267 = 0, -8*n + 4*n - 3771 = -3*o. What is the hundreds digit of o?
2
Let m = -1327 - -2301. Let z = m - 548. Suppose q = 5*c + 4*q - z, c + 2*q - 88 = 0. What is the units digit of c?
4
Let x = 66 + -63. Suppose 5*d - x*s + 54 = 0, -s = 2 - 5. What is the tens digit of ((-6)/d)/(-2) + (-1132)/(-12)?
9
Suppose -16 = 5*j + 29. Let w = 6 + j. What is the units digit of w/(47/75 + 22/(-33))?
5
Suppose -9*z = -11*z - j + 12419, 0 = 5*z - j - 31044. What is the hundreds digit of z?
2
Suppose -2*w = -2*f + 6*f - 628, 2*w - 3*f - 607 = 0. Let a = w + 172. What is the tens digit of a?
8
Suppose 5*z + 38 = -3*d + 6*d, -2*z = 2*d - 20. What is the units digit of (-22 + (8 - 4))*d/(-2)?
9
Let n = -165 - -167. Suppose -2*w - 4*p = -9*p - 143, -n*w + p = -147. What is the tens digit of w?
7
Suppose -7339 = -3*f + 5*g + 4855, 3*f - 12190 = 4*g. What is the hundreds digit of f?
0
Let b(d) = 16*d + 8*d**3 + 16*d**3 - 40*d**3 - 22 + 29*d**3 + 1. What is the hundreds digit of b(4)?
8
Let i = -75 - -79. Suppose -i*a = a - 20. Suppose 139 = b - 4*q, -4*b - a*q = -q - 461. What is the units digit of b?
9
Let b = 4560 - 2361. Suppose 0 = -8*k + 5703 - b. What is the units digit of k?
8
What is the hundreds digit of (-13635702)/(-648) - (-18)/8?
0
Suppose -3*b + 2138 = 5*h, -5*b - 61*h + 58*h = -3558. What is the units digit of b?
1
Let j = 9271 + 2788. What is the hundreds digit of j?
0
Suppose -17*g + 18*g - 549 = 0. Suppose 646 = 2*y + 3*o, 3*y - 431 = o + g. What is the hundreds digit of y?
3
Let o be (-2 + 30/12)/(3/642). Let y = -11 + o. What is the tens digit of y?
9
Let t(g) = 1146*g**2 - 263*g - 1063. What is the tens digit of t(-4)?
2
Let g(n) = 422*n - 2356. What is the ten thousands digit of g(64)?
2
Let a(u) = -2 + 1 + 6*u + 7 + 3 - 1. What is the units digit of a(1)?
4
Let b = 49913 - 18515. What is the thousands digit of b?
1
Suppose -12*y = -539032 + 45112. Suppose p - 29*p = -y. What is the tens digit of p?
7
Let h be -9*4/(-12) + -16. Let j = h - -25. What is the units digit of 232/3 - j/(-18)?
8
Let o(m) = -7*m**3 + 3*m**2 - 3*m + 1. Let j be o(1). What is the units digit of ((-225)/(-10))/(-15)*248/j?
2
Let b(y) = -2*y**3 + 9*y**2 + 5*y + 8. Suppose 0 = 37*i - 8*i + 174. What is the units digit of b(i)?
4
Let f(h) = h**3 + 6*h**2 - h + 3. Suppose x + 3*g + 7 = 0, -2*g = -0*g. Let y be f(x). What is the units digit of (-4 - 0) + (3 - y)?
8
Let m be (-332)/(-6) + (-12)/(-18). Suppose -7*r + m = r. Suppose 0 = -r*z + 641 + 255. What is the tens digit of z?
2
What is the thousands digit of (0 + -8)*-180187*14/392?
1
Let h = -42216 + 75924. What is the tens digit of h?
0
Let z(m) = 25 + 78*m + 66 - 38 + 76 + 21. What is the units digit of z(15)?
0
Suppose 5*h = 6*h. Let o(i) = -40*i + 10. Let r be o(-4). Suppose -4*k - k + r = h. What is the tens digit of k?
3
Let n(b) = -83 - 24 - 10*b + 164. What is the units digit of n(-18)?
7
Suppose 7 = -2*c + 5*u - 68, 0 = -3*c - 4*u - 55. What is the hundreds digit of (-7945)/c - (4/(-10))/2?
3
Let c = -225 + 262. Suppose -1410 = 7*s - c*s. What is the tens digit of s?
4
Suppose 67*j + 16*j - 1425842 = 1856559. What is the tens digit of j?
4
What is the tens digit of 37372 - 8 - (7 - 0/1)?
5
Suppose 0 = 3*z - 4*z + 4. Suppose -3*a + 2*a - 2 = 0, -2*a + 1152 = z*h. What is the hundreds digit of h?
2
Let u(x) = 53*x - 5. Let q(s) = 43*s - 8. Let j(w) = 3*q(w) - 2*u(w). Suppose 4*n = 10 + 14. What is the units digit of j(n)?
4
Suppose 0 = b + 5*l + 21 + 32, 2*l = 5*b + 184. Let k = 43 + b. Suppose k*i = -5*o + 420, 0 = -5*o - 0*i - 4*i + 423. What is the tens digit of o?
8
Let q be (2*(-21)/(-15))/(1/5). Suppose 0 = -q*d + 6*d + 1064. Suppose -55 + d = 2*f. What is the tens digit of f?
3
What is the tens digit of 65/(-26)*(-266730)/25?
7
Suppose -367*a - 660402 = -3598237. What is the hundreds digit of a?
0
Let t = -2489 + 2877. What is the hundreds digit of t?
3
Let q = 778 + -168. Let k = -183 + q. What is the units digit of k?
7
Let l(v) = -v**2 - 7*v + 2. Let b be l(-6). Let p(z) = 3 + 538*z**2 + 0 - 15*z - z - 535*z**2 + 16. What is the tens digit of p(b)?
8
What is the units digit of (699/(-9))/((-364)/39 + 9)?
3
What is the thousands digit of (-119592)/(-18) - (-4 + 4)?
6
Let j(o) = 5*o + 329. Let d(q) = -55*q + 310. Let z be d(6). What is the units digit of j(z)?
9
Let s be 1 - -10*(54/(-15) - -4). Suppose -s*f = 2*f - 2583. What is the units digit of f?
9
Suppose -k = -5*m + 22982, 5*k - 14603 = -3*m - 825. What is the thousands digit of m?
4
Let k = -12523 + 17759. Suppose -5*m + 5237 = -15*r + 13*r, -5*m = -r - k. What is the units digit of m?
7
Suppose 0 = 172*l - 179*l + 160447 + 60746. What is the units digit of l?
9
Suppose 38*a - 4804 = -206. What is the hundreds digit of a?
1
What is the hundreds digit of ((-8)/((-128)/25000))/(7/14)?
1
Let c be 145*1 - 1*-1. Let p(i) = 3*i**2 - 35*i - 9. Let d be p(12). Suppose d*x = x + c. What is the tens digit of x?
7
Let f be (-1 - 40/(-25))/(6/30). Suppose 0 = -2*o - 5*d + 2155, f*o + 253 - 3469 = -2*d. What is the tens digit of o?
7
Let k(a) = -155*a**3 + 2*a**2 - 7*a - 52. What is the ten thousands digit of k(-7)?
5
Let n(k) = -12*k**2 - 448*k - 48. What is the tens digit of n(-20)?
1
Suppose 19*j - 414 = j. Suppose -28*f + j*f = -310. Suppose -63*q + 257 = -f*q. What is the units digit of q?
7
Suppose d + 2*z - 28 - 34 = 0, 0 = d - 2*z - 50. Suppose 60*p - 2248 = d*p. What is the hundreds digit of p?
5
Suppose 64*y + 151532 = -150*y + 9047298. What is the units digit of y?
9
What is the tens digit of 1 + 5 + -10 - -5442?
3
Suppose -37*d = z - 42*d - 34753, -3*z + 104205 = 3*d. What is the units digit of z?
8
Suppose -6*o + 194 - 1580 = 0. What is the hundreds digit of ((-4)/(48/20))/(1/o)?
3
Let l be 269 + -1 - (-66)/66. Suppose b - 676 - l = 0. What is the hundreds digit of b?
9
Suppose -210 = 60*t - 70*t. Suppose -27*m = -t*m - 2070. What is the tens digit of m?
4
Let c(r) = 6*r**2 - 196*r + 7. What is the tens digit of c(-3)?
4
Let k(y) = -3*y**3 - 11*y**2 - 2*y**3 + 0*y**3 + 3*y**3 + 52 - 14*y + y**3. What is the tens digit of k(-15)?
6
Suppose -j + 9667 = 2*h + 5*h, 3*j + 4*h = 28984. What is the thousands digit of j?
9
Let z(d) = 11*d**3 - d**2 + 2*d - 1. Let c be 9/(-6) + 12/8 + -3. Let t be (-2 + 1)/(c*2/12). What is the units digit of z(t)?
7
Let z(s) = 5*s**2 - 21*s + 92. What is the tens digit of z(-47)?
2
Let f = 615 + 9422. What is the ten thousands digit of f?
1
Suppose 4*a = 13*a - 18. Suppose -3*c + 413 = a*s, 0 = 5*c + s - 703 + 3. What is the hundreds digit of c?
1
Suppose 4*b - 2824 = 4*x, 3*b + 3*x - 2534 = -422. Suppose -b = -10*o + 1385. Suppose 2*u + 37 - o = 0. What is the units digit of u?
6
Suppose 0 = -5*i + 5, -2234 + 6974 = 5*s + 5*i. What is the hundreds digit of s?
9
Let g(i) = -849*i + 19. Let j be g(-2). Suppose 17*l - 7259 = -j. What is the tens digit of l?
2
Let j(s) = 45*s + 376. Let b be j(17). What is the thousands digit of b + ((-30)/(-5) - 8)?
1
Suppose h = -2*h + q - 1301, 4*h + 1737 = -q. Let v = 810 + h. What is the units digit of v?
6
Let u be (-4)/(12/9) + 12. What is the tens digit of ((-3)/u)/(3/(-2259))?
5
Suppose 0 = -a - 5 - 11. Let f = a + 20. Suppose 2*j + 4*t = 138, -4*t - 123 - 153 = -f*j. What is the units digit of j?
9
Let w be (2 - 59)*(-8)/(-24). Let h = 19 + w. What is the units digit of (1 - (h + 0))*1?
1
Let p(x) = 358*x**2 - 55*x - 315. What is the tens digit of p(-7)?
1
Suppose -50084 = -6*t + 17350. What is the thousands digit of t?
1
Suppose 17*o = 126463 + 170510. What is the tens digit of o?
6
Suppose 3*o + 20610 = w, -2*w + 33*o + 41178 = 41*o. What is the hundreds digit of w?
6
Suppose 478*w + 595338 = 605*w - 1789595. What is the thousands digit of w?
8
Suppose c = -0*g + 4*g + 434, -3*c - 5*g + 1387 = 0. Suppose 4*o - 3*j = 2*j + 1860, 4*j + c = o. Let b = -239 + o. What is the hundreds digit of b?
2
Let m be (-121 - -6)*(-24)/(-10). Let b be ((-8)/(-4)*-80 - -3)/1. Let q = b - m. What is the units digit of q?
9
Let o(n) = -2275*n + 1674. What is the ten thousands digit of o(-17)?
4
Let l = -23 + 33. Let z = -5